21 - x. What is the highest common factor of 99 and y?
11
Let d(c) = 2*c + 6. Let w be d(-3). Suppose w*h - 2*h = -8. Calculate the greatest common factor of 16 and h.
4
Let r(q) = -q**2 + 14*q - 35. Let t be r(5). Calculate the greatest common factor of t and 10.
10
Suppose -6*v + 4*x + 239 = -5*v, 0 = 5*v + 5*x - 1320. Calculate the highest common factor of 74 and v.
37
Suppose 10*i - 218 = -68. What is the highest common divisor of 3 and i?
3
Suppose a - 9 = 2*q + 1, -2*q - 34 = -3*a. Let s(o) = o**3 - 12*o**2 + 16*o + 5. Let g be s(11). Calculate the greatest common factor of a and g.
12
Let n = 3575 + -3573. Suppose 4 = 2*c - 0, 2*l + 4*c = 10. Calculate the highest common divisor of n and l.
1
Let u(i) = -i**3 + 33*i - 31*i + 2*i**3 - 3 + i**2. Let k be u(4). What is the greatest common factor of 17 and k?
17
Let n = 129 + -44. What is the greatest common factor of 17 and n?
17
Suppose 2 = -2*i + 14. Suppose 17460*d = 17479*d - 399. What is the highest common factor of i and d?
3
Let n(p) be the first derivative of 19*p**3/3 + p**2 - p + 3. Let g be n(1). Let r = g - 9. Calculate the highest common factor of 99 and r.
11
Let f(w) = -11*w**3 - 2*w**2 - 4*w. Let j = -27 - -25. Let m be f(j). Calculate the greatest common factor of m and 8.
8
Let u = 35 - 30. Let j(a) = -a**3 - 1 - 10 - u - 9*a**2 - 4 - 14*a. Let y be j(-8). Calculate the greatest common divisor of y and 70.
14
Suppose 68*x = 67*x + 417. Suppose 13*d + 53 = x. Calculate the highest common factor of d and 7.
7
Let u = 23 - 23. Suppose u*n + 2*d + 96 = 2*n, -5*n = d - 216. Suppose -44 = -4*z - v - 0*v, -4*z + 2*v = -n. What is the greatest common divisor of 55 and z?
11
Let m be 248/14 - (-4)/14. Let g = -511 + 529. Calculate the greatest common factor of g and m.
18
Let b be (3 - 3) + 2 + 3. Suppose -b*l + 9 = -61. What is the highest common factor of 112 and l?
14
Suppose 2*t = 7*t + 125. Let f = 41 + t. Let u = 2 + 30. Calculate the highest common factor of u and f.
16
Suppose -2*c - 25 = -5*q, 2*c - 5*c + 22 = q. What is the highest common factor of 35 and q?
7
Suppose 0 = -y - 3*y + 8. Let k(d) = -d + 1. Let h(x) = 8*x - 8. Let m(w) = h(w) + 6*k(w). Let l be m(y). Calculate the highest common divisor of 2 and l.
2
Let n(y) = 3*y + 27. Let s be n(-5). Let i = -35 + 61. Let u = i - 8. Calculate the highest common factor of u and s.
6
Let s = 115 - 79. Suppose 1201*q - 1218*q + 408 = 0. Calculate the highest common divisor of q and s.
12
Let l be 132/88*(2 - (1 - 107)). Calculate the greatest common factor of 4 and l.
2
Let j(p) = p**2 - 2*p**2 + 56 - p**3 + 58 - 111 + 3*p. Let a be j(-2). Suppose 4*r - 49 + 17 = 0. Calculate the highest common divisor of a and r.
1
Let v(z) = 14*z**2 + 2*z - 1. Let i be v(1). Let s = -85 + 54. Let l be (-5)/i - s/3. Calculate the highest common divisor of 10 and l.
10
Let i(t) = -656*t + 10. Let s be i(-3). What is the greatest common divisor of s and 46?
46
Let v(m) = -3*m**3 + 26*m**2 - m + 94. Let f be v(9). What is the greatest common divisor of 5 and f?
1
Suppose -3*o + 8*o + 416 = 4*b, 20 = -5*o. Suppose 4*u - 23 = 21. What is the greatest common divisor of b and u?
11
Suppose 0 = 31*t - 27*t + 5*y - 1646, -4*y = 4*t - 1648. What is the highest common factor of t and 345?
69
Let f be 55146/286 + (-2)/(-22)*2. Suppose -3*g + 53 = -f. Calculate the highest common divisor of 205 and g.
41
Let c be ((-20)/(-6))/((-1)/(-9)). Let m be 342/24 + (-6)/(-8) + 0. Calculate the greatest common divisor of m and c.
15
Let n = -2 - -5. Let h be (-1)/(n*1/666). Let q be (-6)/(-12) - h/4. Calculate the highest common divisor of 28 and q.
28
Let x = -971 - -996. Calculate the greatest common divisor of 3 and x.
1
Let k(s) = s**3 + 6*s**2 + s + 6. Suppose -4*r = -3*r - 18. Let m be (-94)/r - 8/(-36). Let a be k(m). What is the highest common factor of 65 and a?
13
Suppose 0 = -3*v - 861 + 2115. Calculate the highest common divisor of v and 22.
22
Let q be 3/(-3) + 1 - -1. Let v(u) = 5 + 64*u**2 + 3 - 7. Let b be v(q). What is the highest common factor of b and 26?
13
Suppose -2*y + 28 + 6 = 0. Suppose 5*b - 3*s - 76 = 0, 0 = -4*b + 2*s - 5*s + 77. What is the greatest common divisor of y and b?
17
Let o(k) = 42*k**3 - k**2 + k + 4. Let t be o(2). What is the greatest common divisor of t and 52?
26
Let k = 5 + -1. Let w(f) = -6*f - 5. Let c be w(k). Let y = -11 - c. What is the greatest common factor of y and 198?
18
Let z be 3/9 + (-51)/(-9). Suppose z*c - 25 - 29 = 0. What is the highest common divisor of 72 and c?
9
Suppose 138 - 114 = y. Calculate the greatest common divisor of 1440 and y.
24
Suppose -5*i - 2 = -7, 5*h = 4*i + 76. Let r(k) = -k**2 - k + 56. Let q be r(0). What is the greatest common divisor of h and q?
8
Let u = 315 - 110. What is the greatest common factor of u and 10?
5
Let o be ((4305/20)/21)/((-1)/(-124)). What is the greatest common factor of 41 and o?
41
Let y(q) = q + 7. Let f be y(-3). Suppose -4*m = n - 8, -4*n + 98 = m + 36. Calculate the highest common factor of n and f.
4
Let o(i) = i**2 + 6*i - 19. Let w be o(-9). Let d be -5 + 1 + (w - -46). Calculate the greatest common divisor of 20 and d.
10
Suppose -15*t + 9877 - 2452 = 0. Calculate the greatest common factor of t and 110.
55
Let o be (5 - 16 - -6)/(-5). Let w be (1 + -3 + 1)*0. Suppose w = -t - o + 16. Calculate the highest common factor of 120 and t.
15
Suppose 4*u = -u - n + 254, -4*u = -4*n - 184. Suppose 5*h + 6*p = p + 40, 5*h = -3*p + u. Calculate the greatest common factor of h and 13.
13
Let p(l) = 3*l**3 + l - 4. Let b be p(3). Suppose z + b = 3*z. Calculate the greatest common divisor of 20 and z.
20
Suppose s = -3*t + 1, -2*t + 8 - 10 = 0. Let y be 2 - -197 - s/(-1 + 5). Calculate the highest common divisor of y and 18.
18
Let j(q) = 226*q - 1022. Let d be j(9). Calculate the highest common divisor of d and 44.
44
Suppose 53*n - 48*n = 100. Let s be -10*(n/(-15))/((-5)/(-3)). Calculate the greatest common divisor of 24 and s.
8
Let l(g) = -5*g**2 + 0*g**3 + 10 + 4*g + g**3 - 13*g. Let w(f) = -14*f + 497. Let r be w(35). Let o be l(r). What is the greatest common factor of o and 18?
9
Let s = -115 + 145. Calculate the greatest common divisor of 330 and s.
30
Let i(f) = -f**2 - 6*f + 8. Let h(n) = 7*n. Let k be h(-1). Let y be i(k). Suppose -q + 11 = -0*q. What is the greatest common divisor of q and y?
1
Suppose b - 1277 = -5*n, -4*n + 2*b = -3*n - 251. What is the greatest common divisor of 51 and n?
51
Suppose -128 = -7*p + 250. Let b be -1 - -6 - (-3)/3. Calculate the greatest common factor of b and p.
6
Let q = -1 - -5. Let p be (-3)/(9/(-24)) - q. Calculate the highest common divisor of p and 12.
4
Let j(p) = -3*p - 23. Let v be j(-11). Let y = -5 + v. What is the greatest common divisor of y and 15?
5
Let d(x) = 2*x - 11. Let a be d(14). Suppose 7*n = a*n - 60. What is the greatest common divisor of n and 24?
6
Let k be (-2)/(-4)*(11 + 55). Calculate the greatest common divisor of k and 352.
11
Let f be (6 - 3) + -4 + 7. Let l be (f - 12)/((-9)/6). What is the highest common divisor of l and 44?
4
Suppose 2*g + f = -48, 0 = -3*g - 5*f - 104 + 18. Let v = 32 + g. Let a(s) = 4*s + 4. Let k be a(4). Calculate the greatest common divisor of k and v.
10
Suppose 0 = 3*v - 2*v - 26. Let o be (-1)/3 - 52/(-12). Suppose t + 5*g + 562 = 3*t, o*t = -3*g + 1150. What is the greatest common divisor of t and v?
26
Suppose 1401 = 6*m - 165. Calculate the highest common divisor of m and 145.
29
Let a be 354269/897 - 10/(-195). What is the highest common divisor of a and 79?
79
Let x(j) = j**2 - 5*j - 3. Let d be x(6). Suppose -2*k - 143 = -d*k. What is the greatest common divisor of k and 13?
13
Let o be (1 + 1)*((-39)/2 - -2). Let q = o - -50. What is the greatest common factor of q and 105?
15
Let r = 16 - 4. Let n be 6/3*(-1 - -3). Suppose n*g + 284 = 5*x - 380, 0 = 4*g + 4. What is the highest common factor of x and r?
12
Suppose 5*p = 9*p - 120. Let q be p/3*(3 + 2 + -1). What is the greatest common factor of q and 8?
8
Let r = 18 + -4. Let t = -19 + 23. Suppose 3*d = 5*z + 383, -z - z = t*d - 502. What is the greatest common divisor of r and d?
14
Suppose -2*w = -6, -2*i + 3*i = -2*w + 11. Suppose i*d = -364 + 2264. What is the greatest common factor of